{"id":967,"date":"2019-08-12T21:12:35","date_gmt":"2019-08-12T20:12:35","guid":{"rendered":"https:\/\/www.taborova-rodina.cz\/?page_id=967"},"modified":"2020-07-14T08:05:06","modified_gmt":"2020-07-14T07:05:06","slug":"2019_iii-turnus","status":"publish","type":"page","link":"https:\/\/www.taborova-rodina.cz\/index.php\/galerie\/2019_iii-turnus\/","title":{"rendered":"2019 III. turnus"},"content":{"rendered":"\n<h2 class=\"wp-block-heading\">Foto<\/h2>\n\n\n\n<figure class=\"wp-block-gallery columns-6 is-cropped wp-block-gallery-1 is-layout-flex wp-block-gallery-is-layout-flex\"><ul class=\"blocks-gallery-grid\"><li class=\"blocks-gallery-item\"><figure><a href=\"https:\/\/www.taborova-rodina.cz\/wp-content\/uploads\/2019\/08\/DSC_0725-1024x680.jpg\" data-rel=\"lightbox-image-0\" data-rl_title=\"\" data-rl_caption=\"\" title=\"\"><img loading=\"lazy\" decoding=\"async\" width=\"1024\" height=\"680\" src=\"https:\/\/www.taborova-rodina.cz\/wp-content\/uploads\/2019\/08\/DSC_0725-1024x680.jpg\" alt=\"\" data-id=\"1007\" data-link=\"https:\/\/www.taborova-rodina.cz\/dsc_0725\/\" class=\"wp-image-1007\" srcset=\"https:\/\/www.taborova-rodina.cz\/wp-content\/uploads\/2019\/08\/DSC_0725-1024x680.jpg 1024w, https:\/\/www.taborova-rodina.cz\/wp-content\/uploads\/2019\/08\/DSC_0725-300x199.jpg 300w, https:\/\/www.taborova-rodina.cz\/wp-content\/uploads\/2019\/08\/DSC_0725-768x510.jpg 768w\" sizes=\"auto, (max-width: 1024px) 100vw, 1024px\" \/><\/a><figcaption class=\"blocks-gallery-item__caption\">Ra\u010d\u00ed klan 2019<\/figcaption><\/figure><\/li><li class=\"blocks-gallery-item\"><figure><a href=\"https:\/\/www.taborova-rodina.cz\/wp-content\/uploads\/2019\/08\/Vedouci-1024x682.jpg\" data-rel=\"lightbox-image-1\" data-rl_title=\"\" data-rl_caption=\"\" title=\"\"><img loading=\"lazy\" decoding=\"async\" width=\"1024\" height=\"682\" src=\"https:\/\/www.taborova-rodina.cz\/wp-content\/uploads\/2019\/08\/Vedouci-1024x682.jpg\" alt=\"\" data-id=\"1006\" data-link=\"https:\/\/www.taborova-rodina.cz\/vedouci\/\" class=\"wp-image-1006\" srcset=\"https:\/\/www.taborova-rodina.cz\/wp-content\/uploads\/2019\/08\/Vedouci-1024x682.jpg 1024w, https:\/\/www.taborova-rodina.cz\/wp-content\/uploads\/2019\/08\/Vedouci-300x200.jpg 300w, https:\/\/www.taborova-rodina.cz\/wp-content\/uploads\/2019\/08\/Vedouci-768x512.jpg 768w, https:\/\/www.taborova-rodina.cz\/wp-content\/uploads\/2019\/08\/Vedouci.jpg 1772w\" sizes=\"auto, (max-width: 1024px) 100vw, 1024px\" \/><\/a><figcaption class=\"blocks-gallery-item__caption\">N\u00e1\u0161 t\u00fdm<\/figcaption><\/figure><\/li><li class=\"blocks-gallery-item\"><figure><a href=\"https:\/\/www.taborova-rodina.cz\/wp-content\/uploads\/2019\/08\/Oddil_9-682x1024.jpg\" data-rel=\"lightbox-image-2\" data-rl_title=\"\" data-rl_caption=\"\" title=\"\"><img loading=\"lazy\" decoding=\"async\" width=\"682\" height=\"1024\" src=\"https:\/\/www.taborova-rodina.cz\/wp-content\/uploads\/2019\/08\/Oddil_9-682x1024.jpg\" alt=\"\" data-id=\"1005\" data-link=\"https:\/\/www.taborova-rodina.cz\/oddil_9\/\" class=\"wp-image-1005\" srcset=\"https:\/\/www.taborova-rodina.cz\/wp-content\/uploads\/2019\/08\/Oddil_9-682x1024.jpg 682w, https:\/\/www.taborova-rodina.cz\/wp-content\/uploads\/2019\/08\/Oddil_9-200x300.jpg 200w, https:\/\/www.taborova-rodina.cz\/wp-content\/uploads\/2019\/08\/Oddil_9-768x1152.jpg 768w, https:\/\/www.taborova-rodina.cz\/wp-content\/uploads\/2019\/08\/Oddil_9.jpg 1181w\" sizes=\"auto, (max-width: 682px) 100vw, 682px\" \/><\/a><figcaption class=\"blocks-gallery-item__caption\">9. \u010cerokiov\u00e9<\/figcaption><\/figure><\/li><li class=\"blocks-gallery-item\"><figure><a href=\"https:\/\/www.taborova-rodina.cz\/wp-content\/uploads\/2019\/08\/Oddil_8-682x1024.jpg\" data-rel=\"lightbox-image-3\" data-rl_title=\"\" data-rl_caption=\"\" title=\"\"><img loading=\"lazy\" decoding=\"async\" width=\"682\" height=\"1024\" src=\"https:\/\/www.taborova-rodina.cz\/wp-content\/uploads\/2019\/08\/Oddil_8-682x1024.jpg\" alt=\"\" data-id=\"1004\" data-link=\"https:\/\/www.taborova-rodina.cz\/oddil_8\/\" class=\"wp-image-1004\" srcset=\"https:\/\/www.taborova-rodina.cz\/wp-content\/uploads\/2019\/08\/Oddil_8-682x1024.jpg 682w, https:\/\/www.taborova-rodina.cz\/wp-content\/uploads\/2019\/08\/Oddil_8-200x300.jpg 200w, https:\/\/www.taborova-rodina.cz\/wp-content\/uploads\/2019\/08\/Oddil_8-768x1152.jpg 768w, https:\/\/www.taborova-rodina.cz\/wp-content\/uploads\/2019\/08\/Oddil_8.jpg 1181w\" sizes=\"auto, (max-width: 682px) 100vw, 682px\" \/><\/a><figcaption class=\"blocks-gallery-item__caption\">8. \u0160avani<\/figcaption><\/figure><\/li><li class=\"blocks-gallery-item\"><figure><a href=\"https:\/\/www.taborova-rodina.cz\/wp-content\/uploads\/2019\/08\/Oddil_7-682x1024.jpg\" data-rel=\"lightbox-image-4\" data-rl_title=\"\" data-rl_caption=\"\" title=\"\"><img loading=\"lazy\" decoding=\"async\" width=\"682\" height=\"1024\" src=\"https:\/\/www.taborova-rodina.cz\/wp-content\/uploads\/2019\/08\/Oddil_7-682x1024.jpg\" alt=\"\" data-id=\"1003\" data-link=\"https:\/\/www.taborova-rodina.cz\/oddil_7\/\" class=\"wp-image-1003\" srcset=\"https:\/\/www.taborova-rodina.cz\/wp-content\/uploads\/2019\/08\/Oddil_7-682x1024.jpg 682w, https:\/\/www.taborova-rodina.cz\/wp-content\/uploads\/2019\/08\/Oddil_7-200x300.jpg 200w, https:\/\/www.taborova-rodina.cz\/wp-content\/uploads\/2019\/08\/Oddil_7-768x1152.jpg 768w, https:\/\/www.taborova-rodina.cz\/wp-content\/uploads\/2019\/08\/Oddil_7.jpg 1181w\" sizes=\"auto, (max-width: 682px) 100vw, 682px\" \/><\/a><figcaption class=\"blocks-gallery-item__caption\">7. Otawov\u00e9<\/figcaption><\/figure><\/li><li class=\"blocks-gallery-item\"><figure><a href=\"https:\/\/www.taborova-rodina.cz\/wp-content\/uploads\/2019\/08\/Oddil_6-682x1024.jpg\" data-rel=\"lightbox-image-5\" data-rl_title=\"\" data-rl_caption=\"\" title=\"\"><img loading=\"lazy\" decoding=\"async\" width=\"682\" height=\"1024\" src=\"https:\/\/www.taborova-rodina.cz\/wp-content\/uploads\/2019\/08\/Oddil_6-682x1024.jpg\" alt=\"\" data-id=\"1002\" data-link=\"https:\/\/www.taborova-rodina.cz\/oddil_6\/\" class=\"wp-image-1002\" srcset=\"https:\/\/www.taborova-rodina.cz\/wp-content\/uploads\/2019\/08\/Oddil_6-682x1024.jpg 682w, https:\/\/www.taborova-rodina.cz\/wp-content\/uploads\/2019\/08\/Oddil_6-200x300.jpg 200w, https:\/\/www.taborova-rodina.cz\/wp-content\/uploads\/2019\/08\/Oddil_6-768x1152.jpg 768w, https:\/\/www.taborova-rodina.cz\/wp-content\/uploads\/2019\/08\/Oddil_6.jpg 1181w\" sizes=\"auto, (max-width: 682px) 100vw, 682px\" \/><\/a><figcaption class=\"blocks-gallery-item__caption\">6. \u0160o\u0161oni<\/figcaption><\/figure><\/li><li class=\"blocks-gallery-item\"><figure><a href=\"https:\/\/www.taborova-rodina.cz\/wp-content\/uploads\/2019\/08\/Oddil_5-682x1024.jpg\" data-rel=\"lightbox-image-6\" data-rl_title=\"\" data-rl_caption=\"\" title=\"\"><img loading=\"lazy\" decoding=\"async\" width=\"682\" height=\"1024\" src=\"https:\/\/www.taborova-rodina.cz\/wp-content\/uploads\/2019\/08\/Oddil_5-682x1024.jpg\" alt=\"\" data-id=\"1001\" data-link=\"https:\/\/www.taborova-rodina.cz\/oddil_5\/\" class=\"wp-image-1001\" srcset=\"https:\/\/www.taborova-rodina.cz\/wp-content\/uploads\/2019\/08\/Oddil_5-682x1024.jpg 682w, https:\/\/www.taborova-rodina.cz\/wp-content\/uploads\/2019\/08\/Oddil_5-200x300.jpg 200w, https:\/\/www.taborova-rodina.cz\/wp-content\/uploads\/2019\/08\/Oddil_5-768x1152.jpg 768w, https:\/\/www.taborova-rodina.cz\/wp-content\/uploads\/2019\/08\/Oddil_5.jpg 1181w\" sizes=\"auto, (max-width: 682px) 100vw, 682px\" \/><\/a><figcaption class=\"blocks-gallery-item__caption\">5. \u010cipewajan\u00e9<\/figcaption><\/figure><\/li><li class=\"blocks-gallery-item\"><figure><a href=\"https:\/\/www.taborova-rodina.cz\/wp-content\/uploads\/2019\/08\/Oddil_4-682x1024.jpg\" data-rel=\"lightbox-image-7\" data-rl_title=\"\" data-rl_caption=\"\" title=\"\"><img loading=\"lazy\" decoding=\"async\" width=\"682\" height=\"1024\" src=\"https:\/\/www.taborova-rodina.cz\/wp-content\/uploads\/2019\/08\/Oddil_4-682x1024.jpg\" alt=\"\" data-id=\"1000\" data-link=\"https:\/\/www.taborova-rodina.cz\/oddil_4\/\" class=\"wp-image-1000\" srcset=\"https:\/\/www.taborova-rodina.cz\/wp-content\/uploads\/2019\/08\/Oddil_4-682x1024.jpg 682w, https:\/\/www.taborova-rodina.cz\/wp-content\/uploads\/2019\/08\/Oddil_4-200x300.jpg 200w, https:\/\/www.taborova-rodina.cz\/wp-content\/uploads\/2019\/08\/Oddil_4-768x1152.jpg 768w, https:\/\/www.taborova-rodina.cz\/wp-content\/uploads\/2019\/08\/Oddil_4.jpg 1181w\" sizes=\"auto, (max-width: 682px) 100vw, 682px\" \/><\/a><figcaption class=\"blocks-gallery-item__caption\">4. Saukov\u00e9<\/figcaption><\/figure><\/li><li class=\"blocks-gallery-item\"><figure><a href=\"https:\/\/www.taborova-rodina.cz\/wp-content\/uploads\/2019\/08\/Oddil_3-1024x682.jpg\" data-rel=\"lightbox-image-8\" data-rl_title=\"\" data-rl_caption=\"\" title=\"\"><img loading=\"lazy\" decoding=\"async\" width=\"1024\" height=\"682\" src=\"https:\/\/www.taborova-rodina.cz\/wp-content\/uploads\/2019\/08\/Oddil_3-1024x682.jpg\" alt=\"\" data-id=\"999\" data-link=\"https:\/\/www.taborova-rodina.cz\/oddil_3\/\" class=\"wp-image-999\" srcset=\"https:\/\/www.taborova-rodina.cz\/wp-content\/uploads\/2019\/08\/Oddil_3-1024x682.jpg 1024w, https:\/\/www.taborova-rodina.cz\/wp-content\/uploads\/2019\/08\/Oddil_3-300x200.jpg 300w, https:\/\/www.taborova-rodina.cz\/wp-content\/uploads\/2019\/08\/Oddil_3-768x512.jpg 768w, https:\/\/www.taborova-rodina.cz\/wp-content\/uploads\/2019\/08\/Oddil_3.jpg 1772w\" sizes=\"auto, (max-width: 1024px) 100vw, 1024px\" \/><\/a><figcaption class=\"blocks-gallery-item__caption\">3. Siuxov\u00e9<\/figcaption><\/figure><\/li><li class=\"blocks-gallery-item\"><figure><a href=\"https:\/\/www.taborova-rodina.cz\/wp-content\/uploads\/2019\/08\/DSC_0740-e1565897384173-680x1024.jpg\" data-rel=\"lightbox-image-9\" data-rl_title=\"\" data-rl_caption=\"\" title=\"\"><img loading=\"lazy\" decoding=\"async\" width=\"680\" height=\"1024\" src=\"https:\/\/www.taborova-rodina.cz\/wp-content\/uploads\/2019\/08\/DSC_0740-e1565897384173-680x1024.jpg\" alt=\"\" data-id=\"998\" data-link=\"https:\/\/www.taborova-rodina.cz\/dsc_0740\/\" class=\"wp-image-998\" srcset=\"https:\/\/www.taborova-rodina.cz\/wp-content\/uploads\/2019\/08\/DSC_0740-e1565897384173-680x1024.jpg 680w, https:\/\/www.taborova-rodina.cz\/wp-content\/uploads\/2019\/08\/DSC_0740-e1565897384173-199x300.jpg 199w, https:\/\/www.taborova-rodina.cz\/wp-content\/uploads\/2019\/08\/DSC_0740-e1565897384173-768x1156.jpg 768w\" sizes=\"auto, (max-width: 680px) 100vw, 680px\" \/><\/a><figcaption class=\"blocks-gallery-item__caption\">2. Navahov\u00e9<\/figcaption><\/figure><\/li><li class=\"blocks-gallery-item\"><figure><a href=\"https:\/\/www.taborova-rodina.cz\/wp-content\/uploads\/2019\/08\/Oddil_1-682x1024.jpg\" data-rel=\"lightbox-image-10\" data-rl_title=\"\" data-rl_caption=\"\" title=\"\"><img loading=\"lazy\" decoding=\"async\" width=\"682\" height=\"1024\" src=\"https:\/\/www.taborova-rodina.cz\/wp-content\/uploads\/2019\/08\/Oddil_1-682x1024.jpg\" alt=\"\" data-id=\"997\" data-link=\"https:\/\/www.taborova-rodina.cz\/oddil_1\/\" class=\"wp-image-997\" srcset=\"https:\/\/www.taborova-rodina.cz\/wp-content\/uploads\/2019\/08\/Oddil_1-682x1024.jpg 682w, https:\/\/www.taborova-rodina.cz\/wp-content\/uploads\/2019\/08\/Oddil_1-200x300.jpg 200w, https:\/\/www.taborova-rodina.cz\/wp-content\/uploads\/2019\/08\/Oddil_1-768x1152.jpg 768w, https:\/\/www.taborova-rodina.cz\/wp-content\/uploads\/2019\/08\/Oddil_1.jpg 1181w\" sizes=\"auto, (max-width: 682px) 100vw, 682px\" \/><\/a><figcaption class=\"blocks-gallery-item__caption\">1. Irok\u00e9zov\u00e9<\/figcaption><\/figure><\/li><li class=\"blocks-gallery-item\"><figure><a href=\"https:\/\/www.taborova-rodina.cz\/wp-content\/uploads\/2019\/08\/DSC_0742-e1565935479742-680x1024.jpg\" data-rel=\"lightbox-image-11\" data-rl_title=\"\" data-rl_caption=\"\" title=\"\"><img loading=\"lazy\" decoding=\"async\" width=\"680\" height=\"1024\" src=\"https:\/\/www.taborova-rodina.cz\/wp-content\/uploads\/2019\/08\/DSC_0742-e1565935479742-680x1024.jpg\" alt=\"\" data-id=\"1015\" data-link=\"https:\/\/www.taborova-rodina.cz\/index.php\/galerie\/2019_iii-turnus\/dsc_0742\/\" class=\"wp-image-1015\" srcset=\"https:\/\/www.taborova-rodina.cz\/wp-content\/uploads\/2019\/08\/DSC_0742-e1565935479742-680x1024.jpg 680w, https:\/\/www.taborova-rodina.cz\/wp-content\/uploads\/2019\/08\/DSC_0742-e1565935479742-199x300.jpg 199w, https:\/\/www.taborova-rodina.cz\/wp-content\/uploads\/2019\/08\/DSC_0742-e1565935479742-768x1157.jpg 768w, https:\/\/www.taborova-rodina.cz\/wp-content\/uploads\/2019\/08\/DSC_0742-e1565935479742.jpg 996w\" sizes=\"auto, (max-width: 680px) 100vw, 680px\" \/><\/a><\/figure><\/li><li class=\"blocks-gallery-item\"><figure><a href=\"https:\/\/www.taborova-rodina.cz\/wp-content\/uploads\/2019\/08\/DSC_0762-e1565935516352-680x1024.jpg\" data-rel=\"lightbox-image-12\" data-rl_title=\"\" data-rl_caption=\"\" title=\"\"><img loading=\"lazy\" decoding=\"async\" width=\"680\" height=\"1024\" src=\"https:\/\/www.taborova-rodina.cz\/wp-content\/uploads\/2019\/08\/DSC_0762-e1565935516352-680x1024.jpg\" alt=\"\" data-id=\"1016\" data-link=\"https:\/\/www.taborova-rodina.cz\/index.php\/galerie\/2019_iii-turnus\/dsc_0762\/\" class=\"wp-image-1016\"\/><\/a><\/figure><\/li><li class=\"blocks-gallery-item\"><figure><a href=\"https:\/\/www.taborova-rodina.cz\/wp-content\/uploads\/2019\/08\/DSC_0777-e1565935597831-680x1024.jpg\" data-rel=\"lightbox-image-13\" data-rl_title=\"\" data-rl_caption=\"\" title=\"\"><img loading=\"lazy\" decoding=\"async\" width=\"680\" height=\"1024\" src=\"https:\/\/www.taborova-rodina.cz\/wp-content\/uploads\/2019\/08\/DSC_0777-e1565935597831-680x1024.jpg\" alt=\"\" data-id=\"1017\" data-link=\"https:\/\/www.taborova-rodina.cz\/index.php\/galerie\/2019_iii-turnus\/dsc_0777\/\" class=\"wp-image-1017\" srcset=\"https:\/\/www.taborova-rodina.cz\/wp-content\/uploads\/2019\/08\/DSC_0777-e1565935597831-680x1024.jpg 680w, https:\/\/www.taborova-rodina.cz\/wp-content\/uploads\/2019\/08\/DSC_0777-e1565935597831-199x300.jpg 199w, https:\/\/www.taborova-rodina.cz\/wp-content\/uploads\/2019\/08\/DSC_0777-e1565935597831-768x1157.jpg 768w, https:\/\/www.taborova-rodina.cz\/wp-content\/uploads\/2019\/08\/DSC_0777-e1565935597831.jpg 996w\" sizes=\"auto, (max-width: 680px) 100vw, 680px\" \/><\/a><\/figure><\/li><li class=\"blocks-gallery-item\"><figure><a href=\"https:\/\/www.taborova-rodina.cz\/wp-content\/uploads\/2019\/08\/DSC_0823-e1565935621822-680x1024.jpg\" data-rel=\"lightbox-image-14\" data-rl_title=\"\" data-rl_caption=\"\" title=\"\"><img loading=\"lazy\" decoding=\"async\" width=\"680\" height=\"1024\" src=\"https:\/\/www.taborova-rodina.cz\/wp-content\/uploads\/2019\/08\/DSC_0823-e1565935621822-680x1024.jpg\" alt=\"\" data-id=\"1018\" data-link=\"https:\/\/www.taborova-rodina.cz\/index.php\/galerie\/2019_iii-turnus\/dsc_0823\/\" class=\"wp-image-1018\" srcset=\"https:\/\/www.taborova-rodina.cz\/wp-content\/uploads\/2019\/08\/DSC_0823-e1565935621822-680x1024.jpg 680w, https:\/\/www.taborova-rodina.cz\/wp-content\/uploads\/2019\/08\/DSC_0823-e1565935621822-199x300.jpg 199w, https:\/\/www.taborova-rodina.cz\/wp-content\/uploads\/2019\/08\/DSC_0823-e1565935621822-768x1157.jpg 768w, https:\/\/www.taborova-rodina.cz\/wp-content\/uploads\/2019\/08\/DSC_0823-e1565935621822.jpg 996w\" sizes=\"auto, (max-width: 680px) 100vw, 680px\" \/><\/a><\/figure><\/li><li class=\"blocks-gallery-item\"><figure><a href=\"https:\/\/www.taborova-rodina.cz\/wp-content\/uploads\/2019\/08\/DSC_0835-e1565935645149-680x1024.jpg\" data-rel=\"lightbox-image-15\" data-rl_title=\"\" data-rl_caption=\"\" title=\"\"><img loading=\"lazy\" decoding=\"async\" width=\"680\" height=\"1024\" src=\"https:\/\/www.taborova-rodina.cz\/wp-content\/uploads\/2019\/08\/DSC_0835-e1565935645149-680x1024.jpg\" alt=\"\" data-id=\"1019\" data-link=\"https:\/\/www.taborova-rodina.cz\/index.php\/galerie\/2019_iii-turnus\/dsc_0835\/\" class=\"wp-image-1019\" srcset=\"https:\/\/www.taborova-rodina.cz\/wp-content\/uploads\/2019\/08\/DSC_0835-e1565935645149-680x1024.jpg 680w, https:\/\/www.taborova-rodina.cz\/wp-content\/uploads\/2019\/08\/DSC_0835-e1565935645149-199x300.jpg 199w, https:\/\/www.taborova-rodina.cz\/wp-content\/uploads\/2019\/08\/DSC_0835-e1565935645149-768x1157.jpg 768w, https:\/\/www.taborova-rodina.cz\/wp-content\/uploads\/2019\/08\/DSC_0835-e1565935645149.jpg 996w\" sizes=\"auto, (max-width: 680px) 100vw, 680px\" \/><\/a><\/figure><\/li><li class=\"blocks-gallery-item\"><figure><a href=\"https:\/\/www.taborova-rodina.cz\/wp-content\/uploads\/2019\/08\/DSC_0843-e1565935667585-680x1024.jpg\" data-rel=\"lightbox-image-16\" data-rl_title=\"\" data-rl_caption=\"\" title=\"\"><img loading=\"lazy\" decoding=\"async\" width=\"680\" height=\"1024\" src=\"https:\/\/www.taborova-rodina.cz\/wp-content\/uploads\/2019\/08\/DSC_0843-e1565935667585-680x1024.jpg\" alt=\"\" data-id=\"1020\" data-link=\"https:\/\/www.taborova-rodina.cz\/index.php\/galerie\/2019_iii-turnus\/dsc_0843\/\" class=\"wp-image-1020\"\/><\/a><\/figure><\/li><li class=\"blocks-gallery-item\"><figure><a href=\"https:\/\/www.taborova-rodina.cz\/wp-content\/uploads\/2019\/08\/DSC_0845-e1565935720348-680x1024.jpg\" data-rel=\"lightbox-image-17\" data-rl_title=\"\" data-rl_caption=\"\" title=\"\"><img loading=\"lazy\" decoding=\"async\" width=\"680\" height=\"1024\" src=\"https:\/\/www.taborova-rodina.cz\/wp-content\/uploads\/2019\/08\/DSC_0845-e1565935720348-680x1024.jpg\" alt=\"\" data-id=\"1021\" data-link=\"https:\/\/www.taborova-rodina.cz\/index.php\/galerie\/2019_iii-turnus\/dsc_0845\/\" class=\"wp-image-1021\" srcset=\"https:\/\/www.taborova-rodina.cz\/wp-content\/uploads\/2019\/08\/DSC_0845-e1565935720348-680x1024.jpg 680w, https:\/\/www.taborova-rodina.cz\/wp-content\/uploads\/2019\/08\/DSC_0845-e1565935720348-199x300.jpg 199w, https:\/\/www.taborova-rodina.cz\/wp-content\/uploads\/2019\/08\/DSC_0845-e1565935720348-768x1157.jpg 768w, https:\/\/www.taborova-rodina.cz\/wp-content\/uploads\/2019\/08\/DSC_0845-e1565935720348.jpg 996w\" sizes=\"auto, (max-width: 680px) 100vw, 680px\" \/><\/a><\/figure><\/li><li class=\"blocks-gallery-item\"><figure><a href=\"https:\/\/www.taborova-rodina.cz\/wp-content\/uploads\/2019\/08\/DSC_0854-e1565935753338-680x1024.jpg\" data-rel=\"lightbox-image-18\" data-rl_title=\"\" data-rl_caption=\"\" title=\"\"><img loading=\"lazy\" decoding=\"async\" width=\"680\" height=\"1024\" src=\"https:\/\/www.taborova-rodina.cz\/wp-content\/uploads\/2019\/08\/DSC_0854-e1565935753338-680x1024.jpg\" alt=\"\" data-id=\"1022\" data-link=\"https:\/\/www.taborova-rodina.cz\/index.php\/galerie\/2019_iii-turnus\/dsc_0854\/\" class=\"wp-image-1022\" srcset=\"https:\/\/www.taborova-rodina.cz\/wp-content\/uploads\/2019\/08\/DSC_0854-e1565935753338-680x1024.jpg 680w, https:\/\/www.taborova-rodina.cz\/wp-content\/uploads\/2019\/08\/DSC_0854-e1565935753338-199x300.jpg 199w, https:\/\/www.taborova-rodina.cz\/wp-content\/uploads\/2019\/08\/DSC_0854-e1565935753338-768x1157.jpg 768w, https:\/\/www.taborova-rodina.cz\/wp-content\/uploads\/2019\/08\/DSC_0854-e1565935753338.jpg 996w\" sizes=\"auto, (max-width: 680px) 100vw, 680px\" \/><\/a><\/figure><\/li><li class=\"blocks-gallery-item\"><figure><a href=\"https:\/\/www.taborova-rodina.cz\/wp-content\/uploads\/2019\/08\/DSC_0860-e1565935780484-680x1024.jpg\" data-rel=\"lightbox-image-19\" data-rl_title=\"\" data-rl_caption=\"\" title=\"\"><img loading=\"lazy\" decoding=\"async\" width=\"680\" height=\"1024\" src=\"https:\/\/www.taborova-rodina.cz\/wp-content\/uploads\/2019\/08\/DSC_0860-e1565935780484-680x1024.jpg\" alt=\"\" data-id=\"1023\" data-link=\"https:\/\/www.taborova-rodina.cz\/index.php\/galerie\/2019_iii-turnus\/dsc_0860\/\" class=\"wp-image-1023\" srcset=\"https:\/\/www.taborova-rodina.cz\/wp-content\/uploads\/2019\/08\/DSC_0860-e1565935780484-680x1024.jpg 680w, https:\/\/www.taborova-rodina.cz\/wp-content\/uploads\/2019\/08\/DSC_0860-e1565935780484-199x300.jpg 199w, https:\/\/www.taborova-rodina.cz\/wp-content\/uploads\/2019\/08\/DSC_0860-e1565935780484-768x1157.jpg 768w, https:\/\/www.taborova-rodina.cz\/wp-content\/uploads\/2019\/08\/DSC_0860-e1565935780484.jpg 996w\" sizes=\"auto, (max-width: 680px) 100vw, 680px\" \/><\/a><\/figure><\/li><li class=\"blocks-gallery-item\"><figure><a href=\"https:\/\/www.taborova-rodina.cz\/wp-content\/uploads\/2019\/08\/DSC_0866-e1565935805411-680x1024.jpg\" data-rel=\"lightbox-image-20\" data-rl_title=\"\" data-rl_caption=\"\" title=\"\"><img loading=\"lazy\" decoding=\"async\" width=\"680\" height=\"1024\" src=\"https:\/\/www.taborova-rodina.cz\/wp-content\/uploads\/2019\/08\/DSC_0866-e1565935805411-680x1024.jpg\" alt=\"\" data-id=\"1024\" data-link=\"https:\/\/www.taborova-rodina.cz\/index.php\/galerie\/2019_iii-turnus\/dsc_0866\/\" class=\"wp-image-1024\" srcset=\"https:\/\/www.taborova-rodina.cz\/wp-content\/uploads\/2019\/08\/DSC_0866-e1565935805411-680x1024.jpg 680w, https:\/\/www.taborova-rodina.cz\/wp-content\/uploads\/2019\/08\/DSC_0866-e1565935805411-199x300.jpg 199w, https:\/\/www.taborova-rodina.cz\/wp-content\/uploads\/2019\/08\/DSC_0866-e1565935805411-768x1157.jpg 768w, https:\/\/www.taborova-rodina.cz\/wp-content\/uploads\/2019\/08\/DSC_0866-e1565935805411.jpg 996w\" sizes=\"auto, (max-width: 680px) 100vw, 680px\" \/><\/a><\/figure><\/li><li class=\"blocks-gallery-item\"><figure><a href=\"https:\/\/www.taborova-rodina.cz\/wp-content\/uploads\/2019\/08\/IMG_7842-768x1024.jpg\" data-rel=\"lightbox-image-21\" data-rl_title=\"\" data-rl_caption=\"\" title=\"\"><img loading=\"lazy\" decoding=\"async\" width=\"768\" height=\"1024\" src=\"https:\/\/www.taborova-rodina.cz\/wp-content\/uploads\/2019\/08\/IMG_7842-768x1024.jpg\" alt=\"\" data-id=\"1025\" data-link=\"https:\/\/www.taborova-rodina.cz\/index.php\/galerie\/2019_iii-turnus\/img_7842\/\" class=\"wp-image-1025\" srcset=\"https:\/\/www.taborova-rodina.cz\/wp-content\/uploads\/2019\/08\/IMG_7842-768x1024.jpg 768w, https:\/\/www.taborova-rodina.cz\/wp-content\/uploads\/2019\/08\/IMG_7842-225x300.jpg 225w\" sizes=\"auto, (max-width: 768px) 100vw, 768px\" \/><\/a><\/figure><\/li><\/ul><\/figure>\n\n\n\n<p><a rel=\"noreferrer noopener\" href=\"https:\/\/photos.app.goo.gl\/WCkRmB4zRnwjUW1f8\" target=\"_blank\">Foto z cel\u00e9ho t\u00e1bora<\/a> <\/p>\n\n\n\n<h2 class=\"wp-block-heading\">Video<\/h2>\n\n\n\n<ul class=\"wp-block-list\"><li><a href=\"https:\/\/www.youtube.com\/watch?v=k_epECCnomQ&amp;feature=youtu.be\">ve\u010dern\u00ed n\u00e1stup <\/a><\/li><li><a href=\"https:\/\/www.youtube.com\/watch?v=c8vFQTDQ92g&amp;feature=youtu.be\">ve\u010dern\u00ed n\u00e1stup 2<\/a><\/li><li><a href=\"https:\/\/photos.app.goo.gl\/YechDPFkvDU88kNA7\" target=\"_blank\" rel=\"noreferrer noopener\" aria-label=\"Indi\u00e1nsk\u00e1 akademie  (otev\u0159e se na nov\u00e9 z\u00e1lo\u017ece)\">Indi\u00e1nsk\u00e1 akademie <\/a><\/li><\/ul>\n","protected":false},"excerpt":{"rendered":"<p>Foto Foto z cel\u00e9ho t\u00e1bora Video ve\u010dern\u00ed n\u00e1stup ve\u010dern\u00ed n\u00e1stup 2 Indi\u00e1nsk\u00e1 akademie<\/p>\n","protected":false},"author":2,"featured_media":0,"parent":149,"menu_order":0,"comment_status":"closed","ping_status":"closed","template":"","meta":{"footnotes":""},"class_list":["post-967","page","type-page","status-publish","hentry"],"featured_image_urls":{},"appp_media":null,"_links":{"self":[{"href":"https:\/\/www.taborova-rodina.cz\/index.php\/wp-json\/wp\/v2\/pages\/967","targetHints":{"allow":["GET"]}}],"collection":[{"href":"https:\/\/www.taborova-rodina.cz\/index.php\/wp-json\/wp\/v2\/pages"}],"about":[{"href":"https:\/\/www.taborova-rodina.cz\/index.php\/wp-json\/wp\/v2\/types\/page"}],"author":[{"embeddable":true,"href":"https:\/\/www.taborova-rodina.cz\/index.php\/wp-json\/wp\/v2\/users\/2"}],"replies":[{"embeddable":true,"href":"https:\/\/www.taborova-rodina.cz\/index.php\/wp-json\/wp\/v2\/comments?post=967"}],"version-history":[{"count":14,"href":"https:\/\/www.taborova-rodina.cz\/index.php\/wp-json\/wp\/v2\/pages\/967\/revisions"}],"predecessor-version":[{"id":1182,"href":"https:\/\/www.taborova-rodina.cz\/index.php\/wp-json\/wp\/v2\/pages\/967\/revisions\/1182"}],"up":[{"embeddable":true,"href":"https:\/\/www.taborova-rodina.cz\/index.php\/wp-json\/wp\/v2\/pages\/149"}],"wp:attachment":[{"href":"https:\/\/www.taborova-rodina.cz\/index.php\/wp-json\/wp\/v2\/media?parent=967"}],"curies":[{"name":"wp","href":"https:\/\/api.w.org\/{rel}","templated":true}]}}